?
2, 3
Suppose -1212 = -9*z + 723. List the prime factors of z.
5, 43
Let d(l) = l**3 + 5*l**2 - 1. Let t be d(-5). List the prime factors of 2 + 1 + t - -38.
2, 5
Let z(y) = -y**3 - 7*y**2 - 3*y + 6. Suppose 2*b = 4*b + 14. Let q be z(b). Suppose q = 4*u - 5*c, 0 = -6*u + u - 3*c + 6. List the prime factors of u.
3
Let b(l) be the third derivative of -1/12*l**4 - 3*l**2 + 1/15*l**5 + 0 + 1/6*l**3 + 0*l. List the prime factors of b(1).
3
What are the prime factors of (-8 + -1)*7/(-21)?
3
Let a(x) = x + 8 - 6*x**2 - 8 + 0*x**3 + x**3 + 5. Suppose 5*y - t - t - 24 = 0, 5*t - 15 = 0. List the prime factors of a(y).
11
Suppose -g = -0*g - 5. Suppose 0 = g*b - 5*h + 100, 5*b + 45 = h - 35. List the prime factors of ((-70)/b)/((-2)/(-3)).
7
Let j = -8 - -14. Let b(u) = u - 4. Let y be b(j). Suppose 0 = y*o - 6, 2*q = 4*q + o - 27. What are the prime factors of q?
2, 3
Let p = 31 + -22. Suppose -3*v - p = -2*r, -4*r + r - 3*v = -51. Suppose r = h + h. List the prime factors of h.
2, 3
Let b(n) = n**2 + n - 7. Let h be b(-7). Let c = 11 + 39. Let j = c - h. List the prime factors of j.
3, 5
Let m(w) = w**3 + 7*w**2 + 3*w + 7. Let c be m(-7). Let p = c - -49. List the prime factors of p.
5, 7
Let f(h) = h**3 - h - 2. Let s be f(0). Let j = s - -6. List the prime factors of j.
2
Suppose -3*m = -0*m - 15. Let v = 13 - m. List the prime factors of v.
2
Let b = 1 + 3. Suppose -b*s = 5*l - 20, 2*l + 2*l - 17 = -3*s. List the prime factors of l.
2
Suppose -q + 3*y = 2 - 5, 0 = q - 4*y. Suppose 12 = 4*l - q. Suppose -3*t + l + 54 = 0. What are the prime factors of t?
2, 5
List the prime factors of -121*((-10)/8 - (-4)/16).
11
What are the prime factors of 638/16 + (-1)/(-8)?
2, 5
Let o(h) = -h**2 + 7*h + 6. Let l(k) be the first derivative of -k**4/4 + 8*k**3/3 + k**2/2 - 2*k + 3. Let b be l(8). List the prime factors of o(b).
2, 3
Let z be 1/((-6)/(-5) - 1). Suppose z*w - 3*w = 46. What are the prime factors of w?
23
Let m(f) = f**2 + 9*f - 8. Suppose 0 = 2*r + 19 + 1. Let h be m(r). Suppose 3 = -h*w + 9. What are the prime factors of w?
3
Suppose -4*f - 4*l + 443 + 85 = 0, -2*l = -4*f + 510. List the prime factors of f.
3, 43
Let u(s) = s**3 + 4*s**2 + 3*s + 4. Let d be u(-3). Suppose -2*m = a - d*m - 14, -5*a - 5*m + 10 = 0. List the prime factors of a.
2, 3
Let r(y) = y**3 + 4*y + 21. List the prime factors of r(0).
3, 7
Let f = 0 - -3. Suppose f*w = 16 + 20. What are the prime factors of w?
2, 3
Let x = 3 + -6. Let g = 6 + x. List the prime factors of g.
3
Let z(o) = o**3 - 4*o**2 - 7*o + 5. Let i be z(4). Suppose -5*r - 55 = -b, -2*r - 3*r = b - 25. Let d = b + i. What are the prime factors of d?
17
Suppose 54 = q + 2*q. Let z = q - 6. List the prime factors of z.
2, 3
Suppose -2*h = -2, 5*c - 2*h = -h - 1. Suppose 34 = -c*b - 3*b - 2*v, 0 = b - 4*v + 16. Let d = b + 30. What are the prime factors of d?
2, 3
Let m(q) = q**2 - 4*q + 4. Suppose 20 = 5*u - 0*u. Let x be m(u). Suppose o - 4*o = x*n + 3, -3*n = 9. List the prime factors of o.
3
Suppose 151 = 5*m + 3*v, -m + 5*v = 4*m - 135. What are the prime factors of m?
29
Suppose 4 = o - l - 8, 3*o - l - 38 = 0. What are the prime factors of o?
13
Suppose -19 = 2*f - n, -n + 4*n = 9. List the prime factors of (-1)/(-2) - 156/f.
2, 5
Suppose 0*a + 3*q + 232 = 4*a, a - 3*q - 58 = 0. What are the prime factors of a?
2, 29
Let w(g) = 13*g**3 - 4*g**2 + 4*g - 2. What are the prime factors of w(2)?
2, 47
Suppose -4*a + 2*d = -46, -5*d - 61 = -4*a - 6. What are the prime factors of a?
2, 5
Let l = -7 + 33. List the prime factors of l.
2, 13
Suppose -5*b = -b - 516. What are the prime factors of b?
3, 43
Suppose -16 = w + m - 67, 290 = 5*w - 2*m. List the prime factors of w.
2, 7
Let l(z) = 42*z + 2. List the prime factors of l(2).
2, 43
Let p(i) be the second derivative of i**3/6 + 11*i**2/2 - 2*i. Let n(l) = -l - 2. Let w be n(-2). List the prime factors of p(w).
11
Suppose o + 3*o - 5*h = 2, 4*o + 4*h = 20. Suppose -132 = -5*l - o*r + 69, -r - 213 = -5*l. Let b = -30 + l. List the prime factors of b.
2, 3
Let d(h) = 4*h + 3. What are the prime factors of d(3)?
3, 5
Let c be ((-4)/2 - 0)*2. Let b = -2 - c. What are the prime factors of (b/6)/(2/54)?
3
Suppose 9*p - 735 = 1083. What are the prime factors of p?
2, 101
Let l = -3 - -7. Let n be (6/15 - 0)*5. Suppose 0 = n*m - l*m + 26. What are the prime factors of m?
13
Let r(k) = k**2 - 4*k - 7. Let t be r(6). Suppose 2*w + 2 + 0 = 0. Let x = w + t. What are the prime factors of x?
2
Let m(y) = 2*y**2 - y + 1. Let o(b) = b + 6. Let d be o(-5). Let h be m(d). Let q = h + 2. What are the prime factors of q?
2
Let a(n) = -n + 3 - 7 - 4 + 0. Let b be a(-10). List the prime factors of (-1 - b)/((-1)/5).
3, 5
Let c(s) = s**2 + 3*s + 1. Let i = 2 + 1. List the prime factors of c(i).
19
Suppose -12 = -4*w, -2*h + 122 = 2*w - 60. What are the prime factors of h?
2, 11
Let t(f) = f**3 + 6*f**2 + 2*f + 5. Let r be t(-5). Let i(j) = -12*j. Let n be i(1). Let m = n + r. What are the prime factors of m?
2
Suppose 2*z = 3*z + 5*r - 38, 4*r = 4*z - 128. What are the prime factors of z?
3, 11
Suppose 3*r + 3 = 3*q, 0 = -3*r - 5*q + 30 + 7. Suppose 11 = r*p - 5. Suppose 2 = h + 3*v - 14, -p = -v. What are the prime factors of h?
2
Let y be 8/12*9*3. Suppose -2*j = 18 + y. Let v = j - -30. What are the prime factors of v?
2, 3
Suppose -10 - 10 = -5*m, -2*m - 57 = -5*d. Let o = -6 + d. List the prime factors of o.
7
Suppose -c - 8 = -4*n, 5 = 3*n - 5*c - 1. Suppose n*v - 3 = v. Suppose 3*g - 6 = v. List the prime factors of g.
3
List the prime factors of (38 + -3 - 2) + -3.
2, 3, 5
Let o(h) = h**2 + 6*h + 10. Let i be o(-10). Suppose -14*g = -12*g - i. What are the prime factors of g?
5
Suppose 0 = -2*w - 2*w - 20. Let a be (-6)/w*(-5)/(-2). Let y = a + 9. List the prime factors of y.
2, 3
Suppose b + 4 = 4*d - b, -4*d - 4*b = -16. Suppose 0 = 4*x + d*r - 38, -2*x + 9 = 2*r - 11. List the prime factors of x.
3
Suppose -x = -3*q - 221, -4*q = -5*q + 3*x - 63. List the prime factors of (q/(-6))/(-5)*-4.
2, 5
Suppose 3 = -5*r + 13. Let v(p) = 0*p + 2*p**r - p + p**2. What are the prime factors of v(2)?
2, 5
Let w = -64 - -106. List the prime factors of w.
2, 3, 7
Let t(v) = -v**2 - 8*v - 4. Let c be t(-5). Let p(z) be the third derivative of z**4/24 - 5*z**3/6 + 8*z**2. List the prime factors of p(c).
2, 3
Suppose 0 = -2*d - 8, 2*j - 4*d = -2*j + 480. What are the prime factors of j?
2, 29
Let l(o) = 2*o**3 + 7*o**2 + 4*o + 12. Let i be l(-5). Let g = i - -118. What are the prime factors of g?
5, 7
Suppose 2*d = 7*d. Let c = d + 2. What are the prime factors of c?
2
What are the prime factors of (-25)/10*2106/(-15)?
3, 13
Suppose -j + 22 = f - 17, 2*j - 3*f - 63 = 0. What are the prime factors of j?
2, 3
Let s(a) = -a**3 + 4*a**2 - 2*a + 4. Let u be s(3). Let r(v) = -9 - v - 2*v - v**2 + 10*v + 2*v. What are the prime factors of r(u)?
5
Let d(t) = -10*t**3 + t + 1. Suppose -5*l = -4*v - 7, -5*v - 11 = 2*l - 6*l. What are the prime factors of d(l)?
2, 5
Let l(t) = -t**2 - 6*t + 40. What are the prime factors of l(-9)?
13
Suppose -6*b = -2*l - b + 23, -l - 3*b = -39. What are the prime factors of l?
2, 3
Suppose 5 = 3*a + c, 4*a - 13 = 3*c + 2*c. Suppose -4*u + 2*u = 4*q - 60, u - a = 0. What are the prime factors of q?
2, 7
Suppose 0*r + 93 = 3*r. Let f = 78 - r. What are the prime factors of f?
47
Let n(c) = -10*c**3 + c**2 - 1. Let t be n(-1). Let j(l) = 9 + 3*l**3 - 10*l**2 - 1 - 2*l**3. What are the prime factors of j(t)?
2
Let l = 12 + -9. Suppose 4*d = 20, k - 17 = -k + l*d. What are the prime factors of k?
2
Let q(b) = -b**2 - 7*b + 4. Let j be q(-10). Let v = j - -7. What are the prime factors of (0 + 2 - 3)*v?
19
Let y(t) = 11*t - 1. What are the prime factors of y(1)?
2, 5
Suppose -156 = -7*c + 12. What are the prime factors of c?
2, 3
Let p(u) = 17*u**2 - 3*u + 3. Let d be p(2). Suppose -4*g + d = -59. What are the prime factors of g?
31
Let j(y) = 4*y**2 - 4*y - 8. What are the prime factors of j(6)?
2, 7
Let i be -3 + 0 - 56/(-7). What are the prime factors of i + (1 - -3 - 1)?
2
Let a(l) = 16*l**2 - l. Let i be a(1). Let b be 0 + 3 + -12 + 0. Let y = i + b. List the prime factors of y.
2, 3
Let m(r) = 49*r**3 - r**2 + r. List the prime factors of m(1).
7
Suppose 3*y